7 - (11 + -9). Let l be w(g). Suppose -23 - l = -4*m. List the prime factors of m.
2, 5
Suppose 4*p + x - 1198 = 2*x, -5*x = -3*p + 890. Suppose p = 4*w - 2*c, 0 = 4*w - 7*w - 3*c + 243. What are the prime factors of w?
7, 11
What are the prime factors of (-3034)/(-8) + (-27)/(-36)?
2, 5, 19
Suppose 5*t = -l - l + 1205, 5*t - 1200 = -l. Suppose -3*k + t = -130. What are the prime factors of k?
3, 41
Let v(m) = -3*m - 29. Let z be v(-12). Suppose o - 872 = -z*o. List the prime factors of o.
109
Let m = -3770 - -6464. What are the prime factors of m?
2, 3, 449
Let m = -2863 - -6146. What are the prime factors of m?
7, 67
Let d(f) = f**3 + 3*f**2 - 2*f - 3. Let i be d(-3). Let m be (i/(-2))/((-3)/4). Suppose 38 = 4*a + 3*r, -m*r - 2*r - 24 = -4*a. What are the prime factors of a?
2
Suppose 4*g = -2*x + 1672, -9*x - 2552 = -12*x + 5*g. List the prime factors of x.
2, 211
Let z = -156 - -320. Let w = z - 112. List the prime factors of w.
2, 13
Let s be (0 - 32)/(8 + -10). Suppose 10 = -18*l + s*l. What are the prime factors of (l + 4)/(2/(-26))?
13
Let y(q) = -q**2 + 6*q - 3. Let c be y(4). Let x be (-1 + 1)/(18/9). Suppose c*g - 329 + 129 = x. List the prime factors of g.
2, 5
Let w(l) = -8*l - 2. Let r be w(-1). Let v be (4 - r)/((-1)/2). Suppose 34 = 5*k + 4*q, 4*q = -0*k - 2*k + v. What are the prime factors of k?
2, 5
Suppose 0 = 2*f - 4964 + 1908. Let j = f + -1018. What are the prime factors of j/25 - 3/(-5)?
3, 7
Let k = 242 + 400. What are the prime factors of k?
2, 3, 107
Let a(r) = -r**2 - 4*r + 5. Let b be a(7). Let n = 104 + b. Suppose 0 = -0*z - 4*z + n. List the prime factors of z.
2
Let r(k) = k**3 + 7*k**2 + 8*k + 6. Let u be r(-6). Suppose -3*z - 17 = 3*c - 224, -2*c = -4*z + 258. What are the prime factors of (z/9)/((-2)/u)?
2, 11
Suppose -10 = 2*n, 5*n - 29 = 3*l - 9. Let y(x) = -x**2 - 15*x. Let w be y(l). Suppose -5*g - 15 = 0, g = -4*u - w*g + 237. List the prime factors of u.
2, 3, 5
Suppose 6*t - 4*t + 6160 = 3*n, 6 = -3*t. What are the prime factors of n?
2, 3, 19
Let n(v) = -v**3 - 15*v**2 - 25*v - 27. Let s be n(-13). Let u = 90 - 34. Let c = u + s. What are the prime factors of c?
2
Suppose -3*s = 2*s - 45. Suppose 0 = 2*y - 85 - s. Let k = 117 - y. What are the prime factors of k?
2, 5, 7
Let x = -3512 - -7596. List the prime factors of x.
2, 1021
Let a = 1065 + -471. List the prime factors of a.
2, 3, 11
Suppose 317 = 2*d + r, -2*d - 62 = 5*r - 383. Suppose -d = -2*t + 148. What are the prime factors of t?
3, 17
Let x be -3*(0 + -4 + 3). Suppose -3*h - 3 = 0, -5 = 3*k + 2*h + x*h. Suppose 4*i - 2*i = -4*f + 16, k = -5*f. What are the prime factors of i?
2
What are the prime factors of -111 + 107 + (289 + 0)*1?
3, 5, 19
Let g(u) = 17 - 2*u + 7 + 11 - 7. What are the prime factors of g(10)?
2
Let m(l) = -l**2 - 94*l + 15. What are the prime factors of m(-18)?
3, 461
Suppose 18 = -2*p - 5*u, -13 = -0*p - 5*p + 2*u. Let b(k) = 78*k**2 + 3*k + 1. List the prime factors of b(p).
2, 41
Let y = -154 + 107. Let g = 91 + y. List the prime factors of g.
2, 11
Suppose 0 = -x + 3*n + 875 + 93, -4*n = -2*x + 1946. List the prime factors of x.
983
Suppose 61*d - 122708 = 8625. What are the prime factors of d?
2153
Let a be (6/(-4))/((-9)/84). Let f be (4 - (4 - 3)) + a. Suppose f = h - 11. What are the prime factors of h?
2, 7
Suppose 12*x = 9*x + 204. Let j = x - 26. What are the prime factors of (-346)/(-10) + j/(-70)?
2, 17
Let a(j) = 184*j**2 + 3*j - 2. List the prime factors of a(-2).
2, 7, 13
Suppose 4*x = 5*b + 161, 0 = 5*x - 4*b - 165 - 34. Suppose 0 = -2*q + 187 - x. List the prime factors of q.
2, 37
Let x = 175 - 136. What are the prime factors of x?
3, 13
Suppose u = -3 - 2. Let t be (4/5)/(2/u). List the prime factors of t/16 - 73/(-8).
3
Suppose -583 = 12*c - 5839. Suppose 4*l - l = c. List the prime factors of l.
2, 73
Let a be -235 + (-8)/4*(-1)/2. Let z = 385 + a. What are the prime factors of z?
151
What are the prime factors of 1 + 2 + (-1 - -2) + 1461?
5, 293
Let r(t) = -2*t + 3. Let b be r(-1). Suppose -b*u + 4 = -166. Suppose x + 2*w = u, -2*x + 0*w - w + 77 = 0. What are the prime factors of x?
2, 5
Let a(h) = 6*h**2 - 3*h - 9. Let v be a(4). Let j = v - 32. Suppose 0 = 4*g - j - 137. List the prime factors of g.
3, 5
Suppose 2759*q = 2761*q - 7150. What are the prime factors of q?
5, 11, 13
Suppose 22*k + 482 = 24*k. List the prime factors of k.
241
Let d = 469 - 332. List the prime factors of d.
137
Suppose 2*j = -5*n + 43, -2*j + n + 45 = -16. What are the prime factors of j?
29
Let x be (-13 + (5 - 2))*3. Let u be (-4)/(-5)*x/12. Let k = 16 - u. List the prime factors of k.
2, 3
Let v = 7740 + -4810. What are the prime factors of v?
2, 5, 293
Let c(r) = 535*r + 80. What are the prime factors of c(3)?
5, 337
Suppose 3*o + 192 = 15*o. List the prime factors of -6*2/(o/(-292)).
3, 73
Suppose -2*q - 3*o - 17 = -4*o, 0 = 2*q - 2*o + 16. Let j(a) = -3*a - 14. What are the prime factors of j(q)?
13
Let f(r) = 4*r**3 - 5*r**2 + 4*r. Suppose 0 = -4*g + 2*s, 5*g + 0*s + 2*s = 18. What are the prime factors of f(g)?
2, 5
Let h = 7018 + -4478. What are the prime factors of h?
2, 5, 127
Let o = -2 - -8. Let t be 741/o + 7/(-14). Suppose g + 2*g - t = 4*z, -82 = -2*g - 5*z. What are the prime factors of g?
41
Let g be 1*43 + (-19 - -16). Suppose 2*l - g = -2*l. What are the prime factors of l?
2, 5
Let b(z) = z**2 + 13*z + 2. Let a be b(-13). Suppose 0 = -a*f - 10, -82 = u - 5*u + 2*f. What are the prime factors of u?
2, 3
Let i(c) = 18*c - 5. Let p be i(5). Let g = p - 23. List the prime factors of g.
2, 31
Suppose -4*m = -m + 6. Let w be 3 - (0 + -19) - m. Let y = w + 30. What are the prime factors of y?
2, 3
Suppose -900 + 2328 = 7*m. What are the prime factors of m?
2, 3, 17
Let k(c) = 5*c**3 - 14*c**2 + 8*c - 11. What are the prime factors of k(6)?
613
Let x = -264 + 658. List the prime factors of x.
2, 197
Suppose -g + 2*g - 13 = 0. Suppose c - g = -43. Let j = -17 - c. What are the prime factors of j?
13
Let o = 4509 + -1319. List the prime factors of o.
2, 5, 11, 29
Let t(b) = 39*b**2 - 2*b + 14. List the prime factors of t(-6).
2, 5, 11, 13
Let z = -1926 + 3414. Suppose 18*o = 6816 - z. List the prime factors of o.
2, 37
Suppose -16*p + 9*p = -8904. List the prime factors of p.
2, 3, 53
Let g be ((-78)/(-2 - 0))/1. Let u(v) = -v**3 + 13*v**2 - 5*v - 26. Let b be u(8). Suppose 5*q + g = b. What are the prime factors of q?
43
Let p = 3788 + -2586. What are the prime factors of p?
2, 601
Suppose 2*t - 9 = 13. Let m = t + -7. Suppose 20 = -m*d + 64. What are the prime factors of d?
11
Suppose 2*s = 5*s - 864. Suppose 6*v = 4*v + s. List the prime factors of v.
2, 3
Let h = 19 - 19. Suppose -3*l - l + 72 = h. What are the prime factors of l?
2, 3
Suppose 0 = -4*x - 4*l - 8, -47 = 4*x - 2*l - 9. Let k = x - -10. Suppose 0 = 6*u - 3*u - m - 96, -m + 90 = k*u. List the prime factors of u.
31
Suppose c + 2*n - 228 = -c, 2*n + 105 = c. What are the prime factors of c?
3, 37
Let z be (2 - 2 - 16)*(-2)/4. Suppose z*r + 41 = 9*r. List the prime factors of r.
41
What are the prime factors of (36/(-15))/((99/(-1110))/11)?
2, 37
Let k be (172/(-10))/((-42)/105). Suppose -k = -4*q + 33. What are the prime factors of q?
19
Let t be (25/(-20))/((-2)/8). Let j(z) = -3 - z**3 - 2*z + 1 + t*z**2 + 5. List the prime factors of j(2).
11
Let a = 18 + -16. Let p be 132*(-1 - a - -4). Suppose 5*h - 165 = 5*s, 4*h + 0*s = -s + p. List the prime factors of h.
3, 11
Let y = 33 - 25. What are the prime factors of 0 + (y - (0 - 4))?
2, 3
Suppose 3*j = -2*m + 35, -5*j + 3*m + 90 = -0*j. Let q = j + -9. List the prime factors of q.
2, 3
Suppose -25*p = -22*p - 684. What are the prime factors of p?
2, 3, 19
Suppose 5*k - 3*h + 4835 = -7825, -3*h - 5085 = 2*k. What are the prime factors of k/(-33) + (-14)/(-77)?
7, 11
Let w = 39 + -33. Suppose y - 2*f - 8 = 0, 3*y - 74 = -w*f + 2*f. List the prime factors of y.
2, 3
Let y = 24 - 13. Let n = -5 + y. Suppose 4*s = 6 + n. List the prime factors of s.
3
Let o = -64 - -80. Suppose 838 - 4262 = -o*s. What are the prime factors of s?
2, 107
Suppose 0 = -4*f - 11 - 1. Let x be 0 + 1 + (f - -4). Suppose -3*h + 50 = x. List the prime factors of h.
2
Suppose -3*w = -15 - 6. Let a be w + (1 - 1) - 3. Su